{"id":778,"date":"2025-10-07T16:02:12","date_gmt":"2025-10-07T14:02:12","guid":{"rendered":"http:\/\/nieder-mit-hitler.de\/?page_id=778"},"modified":"2025-10-17T09:20:52","modified_gmt":"2025-10-17T07:20:52","slug":"graphic-novel-nieder-mit-hitler-oder-warum-karl-kein-radfahrer-sein-wollte","status":"publish","type":"page","link":"http:\/\/nieder-mit-hitler.de\/index.php\/graphic-novel-nieder-mit-hitler-oder-warum-karl-kein-radfahrer-sein-wollte\/","title":{"rendered":"GRAPHIC NOVEL"},"content":{"rendered":"\n<h2 class=\"wp-block-heading\">Graphic Novel: Nieder mit Hitler! oder Warum Karl kein Radfahrer sein wollte<\/h2>\n\n\n\n<figure class=\"wp-block-image size-full is-resized\"><img decoding=\"async\" loading=\"lazy\" src=\"http:\/\/nieder-mit-hitler.de\/wp-content\/uploads\/2017\/02\/Cover.jpg\" alt=\"\" class=\"wp-image-611\" width=\"375\" height=\"524\" srcset=\"http:\/\/nieder-mit-hitler.de\/wp-content\/uploads\/2017\/02\/Cover.jpg 500w, http:\/\/nieder-mit-hitler.de\/wp-content\/uploads\/2017\/02\/Cover-215x300.jpg 215w\" sizes=\"(max-width: 375px) 100vw, 375px\" \/><\/figure>\n\n\n\n<p>Pl\u00f6tzlich f\u00e4llt Karl alles wieder ein. Der Sommer 1943. Der Frust \u00fcber die deutsche Niederlage bei Stalingrad. Und die todesmutige Idee, Hitler zu st\u00fcrzen. Karl und seine Schulfreunde verteilen Flugbl\u00e4tter gegen die Nazis, werden von der Gestapo verhaftet und eingesperrt. Mit Gl\u00fcck entgehen sie der Todesstrafe.<\/p>\n\n\n\n<p>Das alles ist fast 20 Jahre her. Aus dem Teenager Karl ist ein erwachsener Mann geworden. Als Pfarrer k\u00fcmmert er sich um eine kleine Gemeinde in der DDR. An damals denkt er kaum noch. Bis zu dem Tag, an dem er nach Berlin f\u00e4hrt und Bekanntschaft mit einem Stasi-Mitarbeiter macht. Der stellt ihn vor eine schwere Entscheidung\u2026<\/p>\n\n\n\n<p>Die Graphic Novel NIEDER MIT HITLER erz\u00e4hlt nun erstmals seine Geschichte.<\/p>\n\n\n\n<figure class=\"wp-block-image size-full is-resized\"><img decoding=\"async\" loading=\"lazy\" src=\"http:\/\/nieder-mit-hitler.de\/wp-content\/uploads\/2017\/02\/Gruppenbild2.png\" alt=\"\" class=\"wp-image-631\" width=\"527\" height=\"736\" srcset=\"http:\/\/nieder-mit-hitler.de\/wp-content\/uploads\/2017\/02\/Gruppenbild2.png 702w, http:\/\/nieder-mit-hitler.de\/wp-content\/uploads\/2017\/02\/Gruppenbild2-215x300.png 215w\" sizes=\"(max-width: 527px) 100vw, 527px\" \/><\/figure>\n\n\n\n<p>Karl Metzner und seine Freunde Helmut Emmerich, Gerd Bergmann, Jochen Bock und Joachim Nerke<\/p>\n\n\n\n<figure class=\"wp-block-image size-large is-resized\"><img decoding=\"async\" loading=\"lazy\" src=\"http:\/\/nieder-mit-hitler.de\/wp-content\/uploads\/2017\/02\/Screenshot_Brosch\u00fcre1-1024x724.png\" alt=\"\" class=\"wp-image-614\" width=\"768\" height=\"543\" srcset=\"http:\/\/nieder-mit-hitler.de\/wp-content\/uploads\/2017\/02\/Screenshot_Brosch\u00fcre1-1024x724.png 1024w, http:\/\/nieder-mit-hitler.de\/wp-content\/uploads\/2017\/02\/Screenshot_Brosch\u00fcre1-300x212.png 300w, http:\/\/nieder-mit-hitler.de\/wp-content\/uploads\/2017\/02\/Screenshot_Brosch\u00fcre1.png 1571w\" sizes=\"(max-width: 768px) 100vw, 768px\" \/><\/figure>\n\n\n\n<p>Schuljunge Karl Metzner am K\u00fcchentisch im Gespr\u00e4ch mit seiner Familie<\/p>\n\n\n\n<figure class=\"wp-block-image size-large is-resized\"><img decoding=\"async\" loading=\"lazy\" src=\"http:\/\/nieder-mit-hitler.de\/wp-content\/uploads\/2017\/02\/Leseprobe3-1024x722.png\" alt=\"\" class=\"wp-image-613\" width=\"768\" height=\"542\" srcset=\"http:\/\/nieder-mit-hitler.de\/wp-content\/uploads\/2017\/02\/Leseprobe3-1024x722.png 1024w, http:\/\/nieder-mit-hitler.de\/wp-content\/uploads\/2017\/02\/Leseprobe3-300x211.png 300w, http:\/\/nieder-mit-hitler.de\/wp-content\/uploads\/2017\/02\/Leseprobe3.png 1565w\" sizes=\"(max-width: 768px) 100vw, 768px\" \/><\/figure>\n\n\n\n<p>Karl Metzner bei der Hitlerjugend<\/p>\n\n\n\n<figure class=\"wp-block-image size-large is-resized\"><img decoding=\"async\" loading=\"lazy\" src=\"http:\/\/nieder-mit-hitler.de\/wp-content\/uploads\/2017\/02\/Leseprobe2-1024x725.png\" alt=\"\" class=\"wp-image-612\" width=\"768\" height=\"544\" srcset=\"http:\/\/nieder-mit-hitler.de\/wp-content\/uploads\/2017\/02\/Leseprobe2-1024x725.png 1024w, http:\/\/nieder-mit-hitler.de\/wp-content\/uploads\/2017\/02\/Leseprobe2-300x212.png 300w, http:\/\/nieder-mit-hitler.de\/wp-content\/uploads\/2017\/02\/Leseprobe2.png 1560w\" sizes=\"(max-width: 768px) 100vw, 768px\" \/><\/figure>\n\n\n\n<p>Links: Hitler bei seinem Besuch in Erfurt am 18. Juni 1933. Rechts: Die brennende Erfurter Synagoge am 9. November 1938 (nach zeitgen\u00f6ssischen Fotos, gezeichnet von Hamed Eshrat)<\/p>\n\n\n\n<h2 class=\"wp-block-heading\">Kauf der Graphic Novel<\/h2>\n\n\n\n<p>Die Graphic Novel NIEDER MIT HITLER! ist in der Gedenk- und Bildungsst\u00e4tte Andreasstra\u00dfe sowie im Buchhandel erh\u00e4ltlich. Online kann das Buch auch direkt beim <a href=\"https:\/\/www.avant-verlag.de\/comics\/nieder-mit-hitler\/\">Avant-Verlag<\/a> zum Preis von 20,00\u20ac bestellt werden.<\/p>\n\n\n\n<h2 class=\"wp-block-heading\">Wie zeichnet man eine Graphic Novel?<\/h2>\n\n\n\n<p>Aus einzelnen Skizzen entsteht nach und nach die Geschichte von Karl Metzner und seinen Freunden.<\/p>\n\n\n\n<figure class=\"wp-block-image size-large is-resized\"><img decoding=\"async\" loading=\"lazy\" src=\"http:\/\/nieder-mit-hitler.de\/wp-content\/uploads\/2017\/05\/Karl_laufen2-493x1024.png\" alt=\"\" class=\"wp-image-496\" width=\"370\" height=\"768\" srcset=\"http:\/\/nieder-mit-hitler.de\/wp-content\/uploads\/2017\/05\/Karl_laufen2-493x1024.png 493w, http:\/\/nieder-mit-hitler.de\/wp-content\/uploads\/2017\/05\/Karl_laufen2-144x300.png 144w, http:\/\/nieder-mit-hitler.de\/wp-content\/uploads\/2017\/05\/Karl_laufen2.png 964w\" sizes=\"(max-width: 370px) 100vw, 370px\" \/><\/figure>\n\n\n\n<p>Eine erste Version von Karl Metzner<\/p>\n\n\n\n<figure class=\"wp-block-image size-large is-resized\"><img decoding=\"async\" loading=\"lazy\" src=\"http:\/\/nieder-mit-hitler.de\/wp-content\/uploads\/2017\/05\/Karl_schreiben2-1024x728.png\" alt=\"\" class=\"wp-image-492\" width=\"768\" height=\"546\" srcset=\"http:\/\/nieder-mit-hitler.de\/wp-content\/uploads\/2017\/05\/Karl_schreiben2-1024x728.png 1024w, http:\/\/nieder-mit-hitler.de\/wp-content\/uploads\/2017\/05\/Karl_schreiben2-300x213.png 300w, http:\/\/nieder-mit-hitler.de\/wp-content\/uploads\/2017\/05\/Karl_schreiben2.png 1899w\" sizes=\"(max-width: 768px) 100vw, 768px\" \/><\/figure>\n\n\n\n<p>Karl Metzner an seiner Schreibmaschine<\/p>\n\n\n\n<figure class=\"wp-block-image size-large is-resized\"><img decoding=\"async\" loading=\"lazy\" src=\"http:\/\/nieder-mit-hitler.de\/wp-content\/uploads\/2017\/02\/1-724x1024.jpg\" alt=\"\" class=\"wp-image-449\" width=\"543\" height=\"768\" srcset=\"http:\/\/nieder-mit-hitler.de\/wp-content\/uploads\/2017\/02\/1-724x1024.jpg 724w, http:\/\/nieder-mit-hitler.de\/wp-content\/uploads\/2017\/02\/1-212x300.jpg 212w, http:\/\/nieder-mit-hitler.de\/wp-content\/uploads\/2017\/02\/1-768x1086.jpg 768w, http:\/\/nieder-mit-hitler.de\/wp-content\/uploads\/2017\/02\/1.jpg 1247w\" sizes=\"(max-width: 543px) 100vw, 543px\" \/><\/figure>\n\n\n\n<p>Erste Zeichnungen von Karl Metzner auf dem Weg zur Schule<\/p>\n\n\n\n<figure class=\"wp-block-image size-large is-resized\"><img decoding=\"async\" loading=\"lazy\" src=\"http:\/\/nieder-mit-hitler.de\/wp-content\/uploads\/2017\/02\/2-700x1024.jpg\" alt=\"\" class=\"wp-image-448\" width=\"525\" height=\"768\" srcset=\"http:\/\/nieder-mit-hitler.de\/wp-content\/uploads\/2017\/02\/2-700x1024.jpg 700w, http:\/\/nieder-mit-hitler.de\/wp-content\/uploads\/2017\/02\/2-205x300.jpg 205w, http:\/\/nieder-mit-hitler.de\/wp-content\/uploads\/2017\/02\/2-768x1123.jpg 768w, http:\/\/nieder-mit-hitler.de\/wp-content\/uploads\/2017\/02\/2.jpg 1318w\" sizes=\"(max-width: 525px) 100vw, 525px\" \/><\/figure>\n\n\n\n<p>Weiterf\u00fchrende Zeichnung von Karl Metzner auf dem Weg zur Schule<\/p>\n\n\n\n<h2 class=\"wp-block-heading\">Weitere Ergebnisse des dreij\u00e4hrigen Forschungs- und Vermittlungsprojektes zum Erfurter Jugendwiderstand im Nationalsozialismus<\/h2>\n\n\n\n<figure class=\"wp-block-image size-full is-resized\"><img decoding=\"async\" loading=\"lazy\" src=\"http:\/\/nieder-mit-hitler.de\/wp-content\/uploads\/2016\/03\/Buchcover_Jochen_Bock_geschnitten3.png\" alt=\"\" class=\"wp-image-442\" width=\"400\" height=\"619\" srcset=\"http:\/\/nieder-mit-hitler.de\/wp-content\/uploads\/2016\/03\/Buchcover_Jochen_Bock_geschnitten3.png 533w, http:\/\/nieder-mit-hitler.de\/wp-content\/uploads\/2016\/03\/Buchcover_Jochen_Bock_geschnitten3-194x300.png 194w\" sizes=\"(max-width: 400px) 100vw, 400px\" \/><\/figure>\n\n\n\n<p>2016 erschien die wissenschaftliche Publikation zur Widerstandsgruppe um Jochen Bock bei der Landeszentrale f\u00fcr politische Bildung Th\u00fcringen. Link zum E-book: <a href=\"https:\/\/www.lztthueringen.de\/downloads\/?kategorie=51 \">https:\/\/www.lztthueringen.de\/downloads\/?kategorie=51 <\/a><\/p>\n\n\n\n<figure class=\"wp-block-image size-large\"><img decoding=\"async\" loading=\"lazy\" width=\"724\" height=\"1024\" src=\"http:\/\/nieder-mit-hitler.de\/wp-content\/uploads\/2016\/04\/A2_Plakat_N_final-724x1024.jpg\" alt=\"\" class=\"wp-image-319\" srcset=\"http:\/\/nieder-mit-hitler.de\/wp-content\/uploads\/2016\/04\/A2_Plakat_N_final-724x1024.jpg 724w, http:\/\/nieder-mit-hitler.de\/wp-content\/uploads\/2016\/04\/A2_Plakat_N_final-212x300.jpg 212w, http:\/\/nieder-mit-hitler.de\/wp-content\/uploads\/2016\/04\/A2_Plakat_N_final-768x1086.jpg 768w\" sizes=\"(max-width: 724px) 100vw, 724px\" \/><\/figure>\n\n\n\n<p>2017 entstand der Film im Rahmen des Forschungs- und Bildungsprojekts &#8222;Jugendwiderstand im nationalsozialistischen Erfurt am Beispiel der Gruppe um Jochen Bock&#8220; gemeinsam mit dem Erinnerungsort &#8222;Topf &amp; S\u00f6hne \u2013 Die Ofenbauer von Auschwitz&#8220;, der Universit\u00e4t Erfurt und der Friedrich-Ebert-Stiftung Landesb\u00fcro Th\u00fcringen. Die DVD kann in der Gedenk- und Bildungsst\u00e4tte Andreasstra\u00dfe in Erfurt erworben werden (Schutzgeb\u00fchr 4,00\u20ac). Auf Wunsch wird sie auch per Post versandt. <\/p>\n\n\n\n<h2 class=\"wp-block-heading\">NIEDER MIT HITLER beim Comicbuch-Preis der Berthold Leibinger Stiftung ausgezeichnet!<\/h2>\n\n\n\n<figure class=\"wp-block-image size-large is-resized\"><img decoding=\"async\" loading=\"lazy\" src=\"http:\/\/nieder-mit-hitler.de\/wp-content\/uploads\/2017\/02\/008_Eshrat-Voit-767x1024.jpg\" alt=\"\" class=\"wp-image-596\" width=\"575\" height=\"768\" srcset=\"http:\/\/nieder-mit-hitler.de\/wp-content\/uploads\/2017\/02\/008_Eshrat-Voit-767x1024.jpg 767w, http:\/\/nieder-mit-hitler.de\/wp-content\/uploads\/2017\/02\/008_Eshrat-Voit-225x300.jpg 225w, http:\/\/nieder-mit-hitler.de\/wp-content\/uploads\/2017\/02\/008_Eshrat-Voit.jpg 1106w\" sizes=\"(max-width: 575px) 100vw, 575px\" \/><\/figure>\n\n\n\n<p>Im April 2018 wurde die Graphic Novel NIEDER MIT HITLER als einer der Finalisten beim Comic-Preis der Berthold Leibinger Stiftung ausgezeichnet. In diesem Zusammenhang pr\u00e4sentierte das Literaturhaus Stuttgart eine Auswahl von Seiten aus dem entstehenden Werk. Das Foto zeigt Jochen Voit und Hamed Eshrat vor der Ausstellung. Voraussetzung f\u00fcr die Teilnahme am Wettbewerb war, dass die Comics im Entstehen und noch nicht ver\u00f6ffentlicht sind. <\/p>\n","protected":false},"excerpt":{"rendered":"<p>Graphic Novel: Nieder mit Hitler! oder Warum Karl kein Radfahrer sein wollte Pl\u00f6tzlich f\u00e4llt Karl alles wieder ein. Der Sommer 1943. Der Frust \u00fcber die deutsche Niederlage bei Stalingrad. Und die todesmutige Idee, Hitler zu st\u00fcrzen. Karl und seine Schulfreunde verteilen Flugbl\u00e4tter gegen die Nazis, werden von der Gestapo verhaftet und eingesperrt. Mit Gl\u00fcck entgehen [&hellip;]<\/p>\n","protected":false},"author":4,"featured_media":0,"parent":0,"menu_order":0,"comment_status":"closed","ping_status":"closed","template":"","meta":[],"_links":{"self":[{"href":"http:\/\/nieder-mit-hitler.de\/index.php\/wp-json\/wp\/v2\/pages\/778"}],"collection":[{"href":"http:\/\/nieder-mit-hitler.de\/index.php\/wp-json\/wp\/v2\/pages"}],"about":[{"href":"http:\/\/nieder-mit-hitler.de\/index.php\/wp-json\/wp\/v2\/types\/page"}],"author":[{"embeddable":true,"href":"http:\/\/nieder-mit-hitler.de\/index.php\/wp-json\/wp\/v2\/users\/4"}],"replies":[{"embeddable":true,"href":"http:\/\/nieder-mit-hitler.de\/index.php\/wp-json\/wp\/v2\/comments?post=778"}],"version-history":[{"count":11,"href":"http:\/\/nieder-mit-hitler.de\/index.php\/wp-json\/wp\/v2\/pages\/778\/revisions"}],"predecessor-version":[{"id":817,"href":"http:\/\/nieder-mit-hitler.de\/index.php\/wp-json\/wp\/v2\/pages\/778\/revisions\/817"}],"wp:attachment":[{"href":"http:\/\/nieder-mit-hitler.de\/index.php\/wp-json\/wp\/v2\/media?parent=778"}],"curies":[{"name":"wp","href":"https:\/\/api.w.org\/{rel}","templated":true}]}}

<h2 class="wp-block-heading">Graphic Novel: Nieder mit Hitler! oder Warum Karl kein Radfahrer sein wollte</h2>



<figure class="wp-block-image size-full is-resized"><img decoding="async" loading="lazy" src="http://nieder-mit-hitler.de/wp-content/uploads/2017/02/Cover.jpg" alt="" class="wp-image-611" width="375" height="524" srcset="http://nieder-mit-hitler.de/wp-content/uploads/2017/02/Cover.jpg 500w, http://nieder-mit-hitler.de/wp-content/uploads/2017/02/Cover-215x300.jpg 215w" sizes="(max-width: 375px) 100vw, 375px" /></figure>



<p>Plötzlich fällt Karl alles wieder ein. Der Sommer 1943. Der Frust über die deutsche Niederlage bei Stalingrad. Und die todesmutige Idee, Hitler zu stürzen. Karl und seine Schulfreunde verteilen Flugblätter gegen die Nazis, werden von der Gestapo verhaftet und eingesperrt. Mit Glück entgehen sie der Todesstrafe.</p>



<p>Das alles ist fast 20 Jahre her. Aus dem Teenager Karl ist ein erwachsener Mann geworden. Als Pfarrer kümmert er sich um eine kleine Gemeinde in der DDR. An damals denkt er kaum noch. Bis zu dem Tag, an dem er nach Berlin fährt und Bekanntschaft mit einem Stasi-Mitarbeiter macht. Der stellt ihn vor eine schwere Entscheidung…</p>



<p>Die Graphic Novel NIEDER MIT HITLER erzählt nun erstmals seine Geschichte.</p>



<figure class="wp-block-image size-full is-resized"><img decoding="async" loading="lazy" src="http://nieder-mit-hitler.de/wp-content/uploads/2017/02/Gruppenbild2.png" alt="" class="wp-image-631" width="527" height="736" srcset="http://nieder-mit-hitler.de/wp-content/uploads/2017/02/Gruppenbild2.png 702w, http://nieder-mit-hitler.de/wp-content/uploads/2017/02/Gruppenbild2-215x300.png 215w" sizes="(max-width: 527px) 100vw, 527px" /></figure>



<p>Karl Metzner und seine Freunde Helmut Emmerich, Gerd Bergmann, Jochen Bock und Joachim Nerke</p>



<figure class="wp-block-image size-large is-resized"><img decoding="async" loading="lazy" src="http://nieder-mit-hitler.de/wp-content/uploads/2017/02/Screenshot_Broschüre1-1024x724.png" alt="" class="wp-image-614" width="768" height="543" srcset="http://nieder-mit-hitler.de/wp-content/uploads/2017/02/Screenshot_Broschüre1-1024x724.png 1024w, http://nieder-mit-hitler.de/wp-content/uploads/2017/02/Screenshot_Broschüre1-300x212.png 300w, http://nieder-mit-hitler.de/wp-content/uploads/2017/02/Screenshot_Broschüre1.png 1571w" sizes="(max-width: 768px) 100vw, 768px" /></figure>



<p>Schuljunge Karl Metzner am Küchentisch im Gespräch mit seiner Familie</p>



<figure class="wp-block-image size-large is-resized"><img decoding="async" loading="lazy" src="http://nieder-mit-hitler.de/wp-content/uploads/2017/02/Leseprobe3-1024x722.png" alt="" class="wp-image-613" width="768" height="542" srcset="http://nieder-mit-hitler.de/wp-content/uploads/2017/02/Leseprobe3-1024x722.png 1024w, http://nieder-mit-hitler.de/wp-content/uploads/2017/02/Leseprobe3-300x211.png 300w, http://nieder-mit-hitler.de/wp-content/uploads/2017/02/Leseprobe3.png 1565w" sizes="(max-width: 768px) 100vw, 768px" /></figure>



<p>Karl Metzner bei der Hitlerjugend</p>



<figure class="wp-block-image size-large is-resized"><img decoding="async" loading="lazy" src="http://nieder-mit-hitler.de/wp-content/uploads/2017/02/Leseprobe2-1024x725.png" alt="" class="wp-image-612" width="768" height="544" srcset="http://nieder-mit-hitler.de/wp-content/uploads/2017/02/Leseprobe2-1024x725.png 1024w, http://nieder-mit-hitler.de/wp-content/uploads/2017/02/Leseprobe2-300x212.png 300w, http://nieder-mit-hitler.de/wp-content/uploads/2017/02/Leseprobe2.png 1560w" sizes="(max-width: 768px) 100vw, 768px" /></figure>



<p>Links: Hitler bei seinem Besuch in Erfurt am 18. Juni 1933. Rechts: Die brennende Erfurter Synagoge am 9. November 1938 (nach zeitgenössischen Fotos, gezeichnet von Hamed Eshrat)</p>



<h2 class="wp-block-heading">Kauf der Graphic Novel</h2>



<p>Die Graphic Novel NIEDER MIT HITLER! ist in der Gedenk- und Bildungsstätte Andreasstraße sowie im Buchhandel erhältlich. Online kann das Buch auch direkt beim <a href="https://www.avant-verlag.de/comics/nieder-mit-hitler/">Avant-Verlag</a> zum Preis von 20,00€ bestellt werden.</p>



<h2 class="wp-block-heading">Wie zeichnet man eine Graphic Novel?</h2>



<p>Aus einzelnen Skizzen entsteht nach und nach die Geschichte von Karl Metzner und seinen Freunden.</p>



<figure class="wp-block-image size-large is-resized"><img decoding="async" loading="lazy" src="http://nieder-mit-hitler.de/wp-content/uploads/2017/05/Karl_laufen2-493x1024.png" alt="" class="wp-image-496" width="370" height="768" srcset="http://nieder-mit-hitler.de/wp-content/uploads/2017/05/Karl_laufen2-493x1024.png 493w, http://nieder-mit-hitler.de/wp-content/uploads/2017/05/Karl_laufen2-144x300.png 144w, http://nieder-mit-hitler.de/wp-content/uploads/2017/05/Karl_laufen2.png 964w" sizes="(max-width: 370px) 100vw, 370px" /></figure>



<p>Eine erste Version von Karl Metzner</p>



<figure class="wp-block-image size-large is-resized"><img decoding="async" loading="lazy" src="http://nieder-mit-hitler.de/wp-content/uploads/2017/05/Karl_schreiben2-1024x728.png" alt="" class="wp-image-492" width="768" height="546" srcset="http://nieder-mit-hitler.de/wp-content/uploads/2017/05/Karl_schreiben2-1024x728.png 1024w, http://nieder-mit-hitler.de/wp-content/uploads/2017/05/Karl_schreiben2-300x213.png 300w, http://nieder-mit-hitler.de/wp-content/uploads/2017/05/Karl_schreiben2.png 1899w" sizes="(max-width: 768px) 100vw, 768px" /></figure>



<p>Karl Metzner an seiner Schreibmaschine</p>



<figure class="wp-block-image size-large is-resized"><img decoding="async" loading="lazy" src="http://nieder-mit-hitler.de/wp-content/uploads/2017/02/1-724x1024.jpg" alt="" class="wp-image-449" width="543" height="768" srcset="http://nieder-mit-hitler.de/wp-content/uploads/2017/02/1-724x1024.jpg 724w, http://nieder-mit-hitler.de/wp-content/uploads/2017/02/1-212x300.jpg 212w, http://nieder-mit-hitler.de/wp-content/uploads/2017/02/1-768x1086.jpg 768w, http://nieder-mit-hitler.de/wp-content/uploads/2017/02/1.jpg 1247w" sizes="(max-width: 543px) 100vw, 543px" /></figure>



<p>Erste Zeichnungen von Karl Metzner auf dem Weg zur Schule</p>



<figure class="wp-block-image size-large is-resized"><img decoding="async" loading="lazy" src="http://nieder-mit-hitler.de/wp-content/uploads/2017/02/2-700x1024.jpg" alt="" class="wp-image-448" width="525" height="768" srcset="http://nieder-mit-hitler.de/wp-content/uploads/2017/02/2-700x1024.jpg 700w, http://nieder-mit-hitler.de/wp-content/uploads/2017/02/2-205x300.jpg 205w, http://nieder-mit-hitler.de/wp-content/uploads/2017/02/2-768x1123.jpg 768w, http://nieder-mit-hitler.de/wp-content/uploads/2017/02/2.jpg 1318w" sizes="(max-width: 525px) 100vw, 525px" /></figure>



<p>Weiterführende Zeichnung von Karl Metzner auf dem Weg zur Schule</p>



<h2 class="wp-block-heading">Weitere Ergebnisse des dreijährigen Forschungs- und Vermittlungsprojektes zum Erfurter Jugendwiderstand im Nationalsozialismus</h2>



<figure class="wp-block-image size-full is-resized"><img decoding="async" loading="lazy" src="http://nieder-mit-hitler.de/wp-content/uploads/2016/03/Buchcover_Jochen_Bock_geschnitten3.png" alt="" class="wp-image-442" width="400" height="619" srcset="http://nieder-mit-hitler.de/wp-content/uploads/2016/03/Buchcover_Jochen_Bock_geschnitten3.png 533w, http://nieder-mit-hitler.de/wp-content/uploads/2016/03/Buchcover_Jochen_Bock_geschnitten3-194x300.png 194w" sizes="(max-width: 400px) 100vw, 400px" /></figure>



<p>2016 erschien die wissenschaftliche Publikation zur Widerstandsgruppe um Jochen Bock bei der Landeszentrale für politische Bildung Thüringen. Link zum E-book: <a href="https://www.lztthueringen.de/downloads/?kategorie=51 ">https://www.lztthueringen.de/downloads/?kategorie=51 </a></p>



<figure class="wp-block-image size-large"><img decoding="async" loading="lazy" width="724" height="1024" src="http://nieder-mit-hitler.de/wp-content/uploads/2016/04/A2_Plakat_N_final-724x1024.jpg" alt="" class="wp-image-319" srcset="http://nieder-mit-hitler.de/wp-content/uploads/2016/04/A2_Plakat_N_final-724x1024.jpg 724w, http://nieder-mit-hitler.de/wp-content/uploads/2016/04/A2_Plakat_N_final-212x300.jpg 212w, http://nieder-mit-hitler.de/wp-content/uploads/2016/04/A2_Plakat_N_final-768x1086.jpg 768w" sizes="(max-width: 724px) 100vw, 724px" /></figure>



<p>2017 entstand der Film im Rahmen des Forschungs- und Bildungsprojekts &#8222;Jugendwiderstand im nationalsozialistischen Erfurt am Beispiel der Gruppe um Jochen Bock&#8220; gemeinsam mit dem Erinnerungsort &#8222;Topf &amp; Söhne – Die Ofenbauer von Auschwitz&#8220;, der Universität Erfurt und der Friedrich-Ebert-Stiftung Landesbüro Thüringen. Die DVD kann in der Gedenk- und Bildungsstätte Andreasstraße in Erfurt erworben werden (Schutzgebühr 4,00€). Auf Wunsch wird sie auch per Post versandt. </p>



<h2 class="wp-block-heading">NIEDER MIT HITLER beim Comicbuch-Preis der Berthold Leibinger Stiftung ausgezeichnet!</h2>



<figure class="wp-block-image size-large is-resized"><img decoding="async" loading="lazy" src="http://nieder-mit-hitler.de/wp-content/uploads/2017/02/008_Eshrat-Voit-767x1024.jpg" alt="" class="wp-image-596" width="575" height="768" srcset="http://nieder-mit-hitler.de/wp-content/uploads/2017/02/008_Eshrat-Voit-767x1024.jpg 767w, http://nieder-mit-hitler.de/wp-content/uploads/2017/02/008_Eshrat-Voit-225x300.jpg 225w, http://nieder-mit-hitler.de/wp-content/uploads/2017/02/008_Eshrat-Voit.jpg 1106w" sizes="(max-width: 575px) 100vw, 575px" /></figure>



<p>Im April 2018 wurde die Graphic Novel NIEDER MIT HITLER als einer der Finalisten beim Comic-Preis der Berthold Leibinger Stiftung ausgezeichnet. In diesem Zusammenhang präsentierte das Literaturhaus Stuttgart eine Auswahl von Seiten aus dem entstehenden Werk. Das Foto zeigt Jochen Voit und Hamed Eshrat vor der Ausstellung. Voraussetzung für die Teilnahme am Wettbewerb war, dass die Comics im Entstehen und noch nicht veröffentlicht sind. </p>

<p>Graphic Novel: Nieder mit Hitler! oder Warum Karl kein Radfahrer sein wollte Plötzlich fällt Karl alles wieder ein. Der Sommer 1943. Der Frust über die deutsche Niederlage bei Stalingrad. Und die todesmutige Idee, Hitler zu stürzen. Karl und seine Schulfreunde verteilen Flugblätter gegen die Nazis, werden von der Gestapo verhaftet und eingesperrt. Mit Glück entgehen [&hellip;]</p>
