{"id":398,"date":"2016-04-26T16:56:15","date_gmt":"2016-04-26T14:56:15","guid":{"rendered":"http:\/\/nieder-mit-hitler.de\/?page_id=398"},"modified":"2016-09-12T14:25:42","modified_gmt":"2016-09-12T12:25:42","slug":"selbstportrait-von-gerhard-laue","status":"publish","type":"page","link":"http:\/\/nieder-mit-hitler.de\/index.php\/selbstportrait-von-gerhard-laue\/","title":{"rendered":"Selbstportrait von Gerhard Laue"},"content":{"rendered":"<blockquote>\n<p style=\"text-align: left;\">&#8222;Nach dem Handelsschulabschluss im M\u00e4rz 1944 habe ich im Bismarckhaus auf dem Anger eine Lehre als Textil- und Bekleidungskaufmann begonnen. Diese wurde schon nach wenigen Monaten unterbrochen, weil ich zum Kriegseinsatz einberufen worden bin. Soldat musste ich allerdings nicht mehr werden.<\/p>\n<p style=\"text-align: left;\">Anfang 1949 habe ich mich in den Westen abgesetzt. Mein Berufsziel, einmal selbst\u00e4ndiger Kaufmann zu werden, kam im Sozialismus nicht in Frage. Es war auch eine Flucht aus der Diktatur in die Freiheit.<\/p>\n<p style=\"text-align: left;\">Nach meinem Fachstudium auf Schloss Hohenstein (W\u00fcrttemberg) fand ich meine erste Anstellung in einer Kleiderfabrik in Wuppertal. Mit wenig Geld aber gro\u00dfem Optimismus ausgestattet, habe ich im Alter von 24 Jahren den Sprung in die Selbst\u00e4ndigkeit gewagt. Im Laufe der Jahre habe ich Schritt f\u00fcr Schritt zwei Unternehmen aufgebaut: eine Fabrikation f\u00fcr Damenoberbekleidung und eine Filialkette, bestehend aus 66 Model\u00e4den.<\/p>\n<p style=\"text-align: left;\">Die Verbundenheit mit meiner geliebten Heimatstadt Erfurt ist trotz der langen Trennung immer sehr gro\u00df gewesen. Die Wiedervereinigung habe ich regelrecht genossen! So oft es mir m\u00f6glich ist, komme ich nach Erfurt. Auch jetzt noch, im hohen Alter. Als Zeitzeuge helfe ich gern mit, die Erinnerungen an die schrecklichen Hitler-Jahre wachzuhalten.&#8220;<\/p>\n<\/blockquote>\n<h1 style=\"text-align: left;\">Ver\u00f6ffentlichungen<\/h1>\n<p style=\"text-align: left;\">Von Gerhard Laue erschien im <a href=\"http:\/\/www.verlag-rockstuhl.de\/\">Verlag Rockstuhl<\/a> (Bad Langensalza):<\/p>\n<h4 style=\"text-align: left;\">Meine Jugend in Erfurt unter Hitler 1933\u20131945 (2016)<\/h4>\n","protected":false},"excerpt":{"rendered":"<p>&#8222;Nach dem Handelsschulabschluss im M\u00e4rz 1944 habe ich im Bismarckhaus auf dem Anger eine Lehre als Textil- und Bekleidungskaufmann begonnen. Diese wurde schon nach wenigen Monaten unterbrochen, weil ich zum Kriegseinsatz einberufen worden bin. Soldat musste ich allerdings nicht mehr werden. Anfang 1949 habe ich mich in den Westen abgesetzt. Mein Berufsziel, einmal selbst\u00e4ndiger Kaufmann [&hellip;]<\/p>\n","protected":false},"author":2,"featured_media":0,"parent":0,"menu_order":0,"comment_status":"closed","ping_status":"closed","template":"page-center.php","meta":[],"_links":{"self":[{"href":"http:\/\/nieder-mit-hitler.de\/index.php\/wp-json\/wp\/v2\/pages\/398"}],"collection":[{"href":"http:\/\/nieder-mit-hitler.de\/index.php\/wp-json\/wp\/v2\/pages"}],"about":[{"href":"http:\/\/nieder-mit-hitler.de\/index.php\/wp-json\/wp\/v2\/types\/page"}],"author":[{"embeddable":true,"href":"http:\/\/nieder-mit-hitler.de\/index.php\/wp-json\/wp\/v2\/users\/2"}],"replies":[{"embeddable":true,"href":"http:\/\/nieder-mit-hitler.de\/index.php\/wp-json\/wp\/v2\/comments?post=398"}],"version-history":[{"count":15,"href":"http:\/\/nieder-mit-hitler.de\/index.php\/wp-json\/wp\/v2\/pages\/398\/revisions"}],"predecessor-version":[{"id":432,"href":"http:\/\/nieder-mit-hitler.de\/index.php\/wp-json\/wp\/v2\/pages\/398\/revisions\/432"}],"wp:attachment":[{"href":"http:\/\/nieder-mit-hitler.de\/index.php\/wp-json\/wp\/v2\/media?parent=398"}],"curies":[{"name":"wp","href":"https:\/\/api.w.org\/{rel}","templated":true}]}}

<blockquote>
<p style="text-align: left;">&#8222;Nach dem Handelsschulabschluss im März 1944 habe ich im Bismarckhaus auf dem Anger eine Lehre als Textil- und Bekleidungskaufmann begonnen. Diese wurde schon nach wenigen Monaten unterbrochen, weil ich zum Kriegseinsatz einberufen worden bin. Soldat musste ich allerdings nicht mehr werden.</p>
<p style="text-align: left;">Anfang 1949 habe ich mich in den Westen abgesetzt. Mein Berufsziel, einmal selbständiger Kaufmann zu werden, kam im Sozialismus nicht in Frage. Es war auch eine Flucht aus der Diktatur in die Freiheit.</p>
<p style="text-align: left;">Nach meinem Fachstudium auf Schloss Hohenstein (Württemberg) fand ich meine erste Anstellung in einer Kleiderfabrik in Wuppertal. Mit wenig Geld aber großem Optimismus ausgestattet, habe ich im Alter von 24 Jahren den Sprung in die Selbständigkeit gewagt. Im Laufe der Jahre habe ich Schritt für Schritt zwei Unternehmen aufgebaut: eine Fabrikation für Damenoberbekleidung und eine Filialkette, bestehend aus 66 Modeläden.</p>
<p style="text-align: left;">Die Verbundenheit mit meiner geliebten Heimatstadt Erfurt ist trotz der langen Trennung immer sehr groß gewesen. Die Wiedervereinigung habe ich regelrecht genossen! So oft es mir möglich ist, komme ich nach Erfurt. Auch jetzt noch, im hohen Alter. Als Zeitzeuge helfe ich gern mit, die Erinnerungen an die schrecklichen Hitler-Jahre wachzuhalten.&#8220;</p>
</blockquote>
<h1 style="text-align: left;">Veröffentlichungen</h1>
<p style="text-align: left;">Von Gerhard Laue erschien im <a href="http://www.verlag-rockstuhl.de/">Verlag Rockstuhl</a> (Bad Langensalza):</p>
<h4 style="text-align: left;">Meine Jugend in Erfurt unter Hitler 1933–1945 (2016)</h4>

<p>&#8222;Nach dem Handelsschulabschluss im März 1944 habe ich im Bismarckhaus auf dem Anger eine Lehre als Textil- und Bekleidungskaufmann begonnen. Diese wurde schon nach wenigen Monaten unterbrochen, weil ich zum Kriegseinsatz einberufen worden bin. Soldat musste ich allerdings nicht mehr werden. Anfang 1949 habe ich mich in den Westen abgesetzt. Mein Berufsziel, einmal selbständiger Kaufmann [&hellip;]</p>
